 j(f) = f**3 - 8*f**2 - 5*f - 27. Let i be j(9). Let o(t) = 154*t - 179. What is the units digit of o(i)?
7
Let q(o) = -120*o - 278. Let n(l) = -59*l - 140. Let v(x) = -9*n(x) + 4*q(x). What is the hundreds digit of v(11)?
7
Suppose 80 - 120 = 5*w. Let f(n) = -109*n - 182. What is the hundreds digit of f(w)?
6
Let v(c) be the second derivative of -c**4/12 + 7*c**3/3 - c**2/2 + 18*c. Let d be v(14). What is the tens digit of (2 + d + -1 - 1) + 39?
3
Suppose -399*u + 12 = -393*u. Suppose -4*v = -u*v + 2*p - 118, 5*p = 5. What is the units digit of v?
8
Let n = 61 - 54. Suppose -3*t = 2*q, 2*t = q - 0*q + n. Suppose 4*o + 2*l = 58, -3*o - t*l - 6 + 51 = 0. What is the units digit of o?
3
Let b = 59 + -18. Let p(t) = t**2 + 17*t - 11. Let d be p(-18). Suppose b = 3*g - d. What is the units digit of g?
6
Suppose 249598 = 4*l + q - 39320, 0 = -4*q - 24. What is the ten thousands digit of l?
7
Suppose z + 4*z = 5*g + 245, 4*g + 3*z + 182 = 0. Let o = g + 47. Suppose 2*c - k = -o*k + 98, 0 = -5*k - 20. What is the tens digit of c?
4
Let d be 6*(95/30 - 3)*0. Suppose -4*g + 2*g = 0. Suppose g = -d*c - 7*c + 651. What is the units digit of c?
3
Let m(l) = 11*l**2 - 9*l + 8. Let f be m(1). Let g(v) = -v**3 + 11*v**2 + 6*v - 13. What is the tens digit of g(f)?
4
Suppose -5 = -3*f + 2*f. Suppose 104 = 2*h - 2*w, f*h - 4*w - 257 = -0*w. Suppose -33 = -2*d + h. What is the units digit of d?
1
Let g(s) = 5*s - 14*s**2 - 17*s**2 + 17 + 32*s**2. What is the hundreds digit of g(11)?
1
Let j(b) = -9*b - 11. Let r be j(-17). Suppose 4*i + 3*x = 435 + r, 4*i - 4*x - 556 = 0. What is the units digit of i?
2
Let r(p) = 62*p**2 - 33*p - 388. What is the units digit of r(-14)?
6
Suppose -5*u - 3*i + 32 - 3 = 0, -2*i + 22 = 4*u. Suppose u*x - 2218 = 2*q + q, x - 560 = -2*q. What is the hundreds digit of x?
5
Let q(o) = 3*o**3 - 9*o**2 - 5*o + 1. Let t be q(5). Suppose 68 = -2*x + x. Let h = x + t. What is the units digit of h?
8
Suppose -5*m = 5*y - 130, 0 = 3*y + 24 - 9. Let s = m + -22. What is the units digit of s/((-18)/(-80)) - 1*2?
8
Let p = 13510 - 6099. What is the units digit of p?
1
Suppose 4*m + 220 = 2*o, -4*o - 4*m + 7*m + 455 = 0. Suppose 375 = 5*a + 2*g - 173, -a - 2*g + o = 0. What is the hundreds digit of a?
1
Suppose 295*i - 279*i = 63376. What is the units digit of i?
1
Suppose 0 = 8*t + 11728 - 75296. What is the hundreds digit of t?
9
Let g be (6*3/42)/((-2)/(-14)). Let n(r) = -r**3 + 5*r**2 + 7*r - 7. Let t be n(6). What is the hundreds digit of (t - 286/(-4))*8/g?
1
What is the tens digit of 11/(-22)*(-22)/2*162?
9
Let y(d) = d**2 + 6*d + 1. Let s be y(-7). Suppose 900 = s*g - 1348. What is the tens digit of g?
8
Suppose -13*w + 11*w = 166. Let o = -80 - w. Suppose o*h + 74 - 242 = 0. What is the units digit of h?
6
Suppose -4*j - 2*s - 106 = 0, 4*j + s = -27 - 76. Let o = -25 - j. Suppose o = -d - 1 + 35. What is the units digit of d?
4
Let l = 251 - 140. Suppose 306 = 3*y + l. What is the tens digit of y?
6
Let i = -574 - -577. Suppose -2*k + 5*f + 1207 = 0, 3*k + 606 = 4*k - i*f. What is the hundreds digit of k?
5
Let f = 220 + -199. Suppose -17*d + f*d = 1436. What is the units digit of d?
9
Let o be ((-3)/(-6))/((-4)/(-16)). Suppose 3*u - 42 = o*u. Suppose -u = -n + 29. What is the units digit of n?
1
Suppose -3*k - 6*z + 2154 = -z, z + 3618 = 5*k. What is the tens digit of 6/14 + k*(-20)/(-70)?
0
Let r = 66 - 69. Let p be r/(-1) - (0 - 0)/(-2). Suppose -2*s = -p*j - 95, -s = -4*j - 0*j - 35. What is the tens digit of s?
5
What is the thousands digit of 2/(-5)*142718710/(-1108)?
1
Suppose 10*l - 1594 = -14. Let r = l + 278. What is the units digit of r?
6
Let l(j) = 38*j**3 - 12*j**2 + 62*j - 416. What is the hundreds digit of l(6)?
7
Let d be 1/1 + (-470)/(-10). Let p be (3 + (-111)/12)/((-4)/d). What is the hundreds digit of ((-3)/(-12) - 172/(-80))*p?
1
Let p(i) = -i**3 - 9*i**2 - 9*i - 8. Let n(q) = -22*q - 55. Let v be n(-2). What is the tens digit of p(v)?
3
What is the units digit of 8/2*4669832/272?
4
Let u be 1675 - (-4 + (5 - (-4 - -2))). Suppose 4*f = 3*g - u, -g - 2*f + 436 = -128. What is the hundreds digit of g?
5
Let r(p) = 37 - 63 - 24 - 9 - 89*p. What is the tens digit of r(-8)?
5
Let g = 3054 + 6827. What is the tens digit of g?
8
Let q = -1807 - -1750. Suppose 0 = -0*s + 2*s - 6. What is the units digit of ((-13)/s*q)/(0 + 1)?
7
Let v(s) = -2*s**2 - 18*s - 31. Let a be v(-6). Suppose -a*n - 3011 = -3*q, 0 = 2*q + 2*q - 4*n - 4004. What is the units digit of q?
7
What is the hundreds digit of (5 + ((-210)/48 - (-3)/(-24)))*16386?
1
Suppose 0 = 2*p - p - 59. Suppose 4*r - 5*m = -p, 5*m = -4*r - 17 - 12. Let q(u) = u**3 + 11*u**2 - 4*u - 5. What is the units digit of q(r)?
9
Let w be (-3 - (-1)/1)/(15 + -17). Let l = w + 128. Let y = -82 + l. What is the tens digit of y?
4
Suppose -2*b - 216 = 6*b. Let g(r) = -r**3 - 26*r**2 + 23*r + 78. What is the hundreds digit of g(b)?
1
Let y be 4/(-6) + (-338)/(-39). Suppose -4*t + 10 = -18. Suppose -6 - y = -t*q. What is the units digit of q?
2
Suppose 9*r - 153 - 441 = 0. Let l be 3/(-3)*r/(-1). Let o = l + 11. What is the units digit of o?
7
What is the thousands digit of 2583 + (-7 - 3 - -6)?
2
Suppose q - 33*l + 32*l = 1377, -4*l = q - 1387. What is the thousands digit of q?
1
Suppose x + 2*x - 9 = 0. Suppose x*h = -0*h, h = -l + 146. Suppose -4*t + 2 = -l. What is the tens digit of t?
3
Let c(q) = -q**2 + 12*q. Let l be c(12). Suppose l = -3*f + 3*u + 2*u + 46, -3*f = -2*u - 58. Let o = 59 - f. What is the tens digit of o?
3
Let c(n) = 462*n - 2912. What is the units digit of c(9)?
6
Suppose 15 = -3*k, 4*d + 1177 = -112*k + 111*k. Let y = 2311 + d. What is the thousands digit of y?
2
What is the thousands digit of 25500/2 - 29/((-435)/(-90))?
2
Suppose 0 = 4*b - 827 + 299. Let f(y) = 61*y. Let o be f(-1). Let t = o + b. What is the units digit of t?
1
Suppose 5*j + 2*s + 1995 = 24796, 18248 = 4*j + 4*s. What is the tens digit of j?
5
Let q(n) = 383*n**2. Let f be q(-1). Suppose -f = -4*b + 25. Let j = b - 68. What is the tens digit of j?
3
Let u be 7/((-35)/(-598)) - (-4)/10. Suppose 5*o - 25 = 0, -4*s + 4*o + 15 = -13. Suppose 8*g + u = s*g. What is the units digit of g?
0
Let l(t) = -56*t**3 - 19*t**2 - 9*t - 167. What is the ten thousands digit of l(-10)?
5
Suppose -11*q - 5313 + 2002 = 0. Let r = q + 680. What is the hundreds digit of r?
3
Suppose 583*h = 580*h - 5*x + 97294, 4*x = -h + 32450. What is the hundreds digit of h?
4
Suppose 0 = -4*h - 2*h - 12. Let d be h + 6 + (-44)/11. What is the units digit of -4 - (-47)/1 - d?
3
Let f(x) = 89*x**2 + 136*x + 3079. What is the units digit of f(-19)?
4
Suppose -5*j + 2*m = 1 - 12, 0 = 2*j - 5*m + 4. Suppose -g = j*a - 4*a + 189, 2*g + 948 = 5*a. What is the tens digit of a?
9
Let f(d) = -8*d + 2. Let z be f(2). Let j be 6030/(-35) - 4/z. Let c = -80 - j. What is the units digit of c?
2
Suppose -35*y + 33444 = 4036 - 136387. What is the tens digit of y?
3
Let f(n) be the second derivative of -233*n**3/6 - n**2 + 9*n. Let w be f(-4). Suppose 7*m - w = m. What is the hundreds digit of m?
1
Let h(v) = 6 - 2*v + 39*v**2 - 3*v + 0*v. Let p = -6901 - -6903. What is the tens digit of h(p)?
5
Let k = 77 - -883. Let b = k - 613. What is the hundreds digit of b?
3
Suppose 0*n - 9 = -3*n. Suppose -h + 3*h + n*x = 37, -2*h = -4*x - 2. What is the units digit of (h/2)/(6/252)?
1
Let s(n) = 10*n**2 + 31*n - 9. Let q(c) = -6*c + 221. Let r be q(39). What is the thousands digit of s(r)?
1
Suppose 12 - 4 = 2*m. Let o be -4*(-12 + 16 + -5). Suppose -m*k = o*k - 672. What is the units digit of k?
4
Let g = 33 - 34. Let p be g + 3/(-3) + 4. Suppose -3*z + 361 = -0*z - m, 3*m = p*z - 236. What is the hundreds digit of z?
1
Suppose 32*s - 22410 = 59*s. Let w = s + 1884. What is the hundreds digit of w?
0
Let a(b) = -7*b**3 - 5*b**2 + 47*b + 158. What is the thousands digit of a(-9)?
4
Suppose 0 = 5*d + 4*c - 11184, d + 14*c - 2214 = 17*c. What is the thousands digit of d?
2
Let o = 3435 - -10174. What is the ten thousands digit of o?
1
Suppose 5 = 3*r - 22. Let y be ((-24)/r)/(2/(-3)). What is the units digit of (7/6)/((-2)/y)*-15?
5
Let n be 2/(-9)*6*(-405)/6. Suppose -5*b + 34 = -4*i - 15, -4*i - 9 = 3*b. What is the units digit of 4 - (2/i)/(10/